e of 553?
False
Is 27 a factor of 30522555?
True
Does 8 divide 18629724?
False
Does 1172 divide 100537829?
False
Is 392 a factor of 294462009?
False
Does 142 divide 18457302?
True
Is 59146175 a multiple of 9?
False
Does 232 divide 43708462?
False
Is 2073 a factor of 1638767934?
False
Is 19 a factor of 41069294?
False
Does 453 divide 14756120?
False
Is 20 a factor of 1634242?
False
Is 14 a factor of 1992670232?
True
Is 140663140 a multiple of 103?
False
Is 3350411963 a multiple of 1931?
False
Is 5 a factor of 229647271?
False
Is 2574 a factor of 218671596?
True
Is 209405091 a multiple of 4291?
True
Is 14 a factor of 314939241?
False
Is 347684924 a multiple of 1678?
False
Is 550187567 a multiple of 290?
False
Does 60 divide 2012064240?
True
Is 13 a factor of 1207211?
False
Is 13 a factor of 573587807?
True
Is 44677655 a multiple of 11?
True
Does 30 divide 7950570?
True
Is 64234795 a multiple of 2095?
True
Is 5 a factor of 482678781?
False
Is 138 a factor of 953740?
False
Is 2 a factor of 8926316?
True
Is 49016022 a multiple of 16?
False
Is 313619060 a multiple of 34?
True
Is 1499 a factor of 52004721?
False
Is 1205 a factor of 393628915?
True
Does 9 divide 31855239?
True
Does 1475 divide 167793843?
False
Is 187 a factor of 456592664?
True
Is 142 a factor of 332321890?
True
Does 345 divide 49767285?
True
Is 95 a factor of 39531210?
True
Is 11 a factor of 111316650?
False
Does 103 divide 13199540?
False
Is 153511722 a multiple of 819?
True
Is 208 a factor of 12722736?
True
Does 26 divide 80528500?
True
Is 60110608 a multiple of 2184?
False
Does 6 divide 13227180?
True
Is 5575284 a multiple of 44?
True
Is 2045385000 a multiple of 18?
True
Is 12 a factor of 1483815?
False
Is 1216 a factor of 7240618?
False
Does 107 divide 29159227?
False
Is 832886594 a multiple of 567?
False
Is 95 a factor of 40289310?
True
Is 3465 a factor of 19691843?
False
Is 85363118 a multiple of 2810?
False
Does 189 divide 23489298?
True
Is 14740336 a multiple of 26?
True
Is 137 a factor of 45994912?
False
Is 21158214 a multiple of 66?
True
Is 9 a factor of 66735846?
True
Does 6 divide 86934876?
True
Is 4375 a factor of 1752563192?
False
Does 3042 divide 130313196?
True
Is 11884497 a multiple of 57?
False
Is 402 a factor of 954282599?
False
Is 701 a factor of 303196520?
True
Is 3025 a factor of 1715420029?
False
Is 37 a factor of 216643029?
True
Is 3318247 a multiple of 62?
False
Is 296630949 a multiple of 10?
False
Is 2650354820 a multiple of 4969?
False
Does 65 divide 41387836?
False
Does 7 divide 206086883?
False
Is 13 a factor of 207071293?
True
Is 152 a factor of 44943360?
True
Is 17209509 a multiple of 14?
False
Is 9457168 a multiple of 136?
True
Is 3 a factor of 4282097?
False
Is 33 a factor of 155945?
False
Is 264 a factor of 100417152?
True
Is 419794541 a multiple of 19?
False
Is 517075116 a multiple of 158?
False
Does 1190 divide 1130809400?
True
Is 7025621 a multiple of 11?
False
Is 7405 a factor of 553464510?
True
Does 73 divide 533266063?
False
Is 101587547 a multiple of 70?
False
Is 8115918150 a multiple of 55?
False
Does 15 divide 104679570?
True
Does 155 divide 49549823?
False
Is 35 a factor of 11823455?
True
Is 17 a factor of 90218815?
False
Is 665 a factor of 106644863?
False
Is 23573582 a multiple of 514?
True
Does 45 divide 173902860?
True
Is 47 a factor of 502471125?
True
Does 52 divide 483977345?
False
Is 30 a factor of 229820483?
False
Does 1661 divide 24549166?
False
Is 1329804576 a multiple of 55?
False
Is 443576085 a multiple of 17?
False
Is 89150820 a multiple of 60?
True
Is 463 a factor of 1210030721?
False
Is 238 a factor of 21050624?
True
Is 551 a factor of 250029474?
True
Is 47 a factor of 71145674?
False
Is 854235549 a multiple of 62?
False
Does 10 divide 57692267?
False
Is 696437820 a multiple of 65?
True
Does 1663 divide 671651581?
False
Does 26 divide 14638442?
True
Is 8686552 a multiple of 21?
False
Is 154414741 a multiple of 109?
True
Is 24529487 a multiple of 17?
True
Is 6 a factor of 5490558?
True
Is 23235992 a multiple of 26?
True
Is 2142 a factor of 668102537?
False
Does 857 divide 316815742?
False
Is 5442 a factor of 338236684?
False
Is 9230280 a multiple of 43?
False
Is 3491783593 a multiple of 127?
True
Is 360 a factor of 19102275?
False
Does 45 divide 43325775?
True
Is 26 a factor of 4483364938?
True
Is 27 a factor of 13263494?
False
Is 2398320 a multiple of 144?
True
Is 366939489 a multiple of 197?
True
Is 73006733 a multiple of 1613?
False
Is 2278 a factor of 1228840709?
False
Is 657 a factor of 74610926?
False
Does 204 divide 201714280?
False
Is 2399 a factor of 393763634?
False
Is 10786610 a multiple of 631?
False
Does 280 divide 5851720?
True
Is 4090417685 a multiple of 11621?
True
Is 19 a factor of 15085050?
True
Is 319112549 a multiple of 994?
False
Is 694391243 a multiple of 37?
False
Does 14 divide 28618324?
True
Is 324236352 a multiple of 12?
True
Is 98988795 a multiple of 15?
True
Does 954 divide 294529374?
True
Does 576 divide 24678?
False
Does 12 divide 4845495?
False
Is 97 a factor of 35872249?
True
Is 10983610 a multiple of 426?
False
Is 544 a factor of 51803298?
False
Is 4449 a factor of 882339027?
True
Is 724 a factor of 14728332?
True
Does 32 divide 1174911616?
True
Is 211316560 a multiple of 104?
True
Is 7127766 a multiple of 1159?
False
Is 349930269 a multiple of 723?
False
Does 53 divide 12861881?
True
Is 397129543 a multiple of 349?
True
Is 1580 a factor of 62879713?
False
Is 346 a factor of 1286404126?
True
Does 35 divide 561105370?
True
Is 3224222370 a multiple of 30?
True
Is 16114812 a multiple of 19?
True
Does 539 divide 34104380?
False
Is 839823600 a multiple of 33?
True
Does 5 divide 50588053?
False
Is 2391094776 a multiple of 609?
True
Does 12 divide 524678081?
False
Does 187 divide 528456285?
False
Is 3 a factor of 55778314?
False
Does 2 divide 4762772?
True
Is 34537230 a multiple of 390?
True
Does 6 divide 68418294?
True
Is 118697040 a multiple of 420?
True
Is 52819875 a multiple of 219?
False
Is 109 a factor of 204596578?
False
Does 32 divide 153038464?
True
Is 15 a factor of 3419151405?
True
Does 46 divide 11827979?
False
Does 49 divide 677968505?
False
Does 59 divide 3119383?
False
Is 7 a factor of 439383187?
False
Is 1416 a factor of 10894026?
False
Does 22 divide 349883359?
False
Is 85644284 a multiple of 263?
False
Does 45 divide 29325911?
False
Is 286360373 a multiple of 3615?
False
Does 198 divide 873629341?
False
Is 57 a factor of 282006930?
True
Does 34 divide 86559716?
True
Is 353949206 a multiple of 3402?
False
Is 413228720 a multiple of 10?
True
Does 88 divide 595216549?
False
Does 44 divide 826681334?
False
Is 1437424065 a multiple of 539?
True
Is 140280192 a multiple of 1479?
True
Is 10862748 a multiple of 162?
True
Does 816 divide 2093327360?
False
Does 20 divide 126671416?
False
Is 12 a factor of 218263943?
False
Does 59 divide 1765516?
True
Is 1344230052 a multiple of 1892?
True
Does 7 divide 3700442?
False
Is 686065952 a multiple of 352?
True
Is 5428 a factor of 882125992?
True
Does 519 divide 980249686?
False
Is 1554 a factor of 4785779465?
False
Is 14 a factor of 60238234?
True
Is 1331 a factor of 344711680?
False
Does 1018 divide 91400973?
False
Is 37 a factor of 232031773?
True
Is 56432056 a multiple of 8?
True
Does 232 divide 4005293478?
False
Does 10 divide 48881486?
False
Is 43394303 a multiple of 476?
False
Does 25 divide 333497200?
True
Does 3685 divide 1431382358?
False
Is 152700706 a multiple of 78?
False
Is 259 a factor of 85983104?
False
Is 1341 a factor of 318466044?
True
Is 2690 a factor of 82733640?
True
Does 29 divide 3284742863?
False
Is 3245 a factor of 3257301795?
True
Is 9 a factor of 20525288?
False
Is 491 a factor of 8411812?
True
Is 5837 a factor of 4881261294?
True
Is 7875910 a multiple of 413?
True
Is 243221213 a multiple of 14?
False
Is 683457684 a multiple of 28?
True
Does 29 divide 274760152?
True
Does 38 divide 15875260?
True
Is 6781946 a multiple of 17?
True
Is 2961166194 a multiple of 126?
True
Is 4550055 a multiple of 36?
False
Is 37172664 a multiple of 228?
True
Is 49 a factor of 50108380?
True
Is 49763652 a multiple of 116?
True
Is 122594012 a multiple of 147?
False
Does 441 divide 1446948495?
False
Is 35 a factor of 19014205?
True
Is 226303426